a*r = 23*r - 1104. Calculate the greatest common factor of 432 and r.
48
Let j(z) = z + 2. Let i be j(4). Let s(l) = -2*l**2 - 861*l - 4239. Let r be s(-5). What is the highest common divisor of i and r?
2
Let k = -626 - -914. What is the greatest common divisor of k and 64?
32
Suppose j = -n + 3159 - 149, 2*j + n - 6020 = 0. What is the highest common divisor of j and 70?
70
Let l(a) = 13*a**2 - 17*a + 25. Let r be (-64)/(-10) + 64/(-160). Let y be l(r). What is the greatest common divisor of y and 34?
17
Let m be -4*(((-42)/8 - -2) + 2). Let p = 75 - m. Let o = 2 + 12. Calculate the greatest common factor of p and o.
14
Let h(u) = u**2 - 2*u + 36. Let k be 1/7 - 7/(196/284). Let v be h(k). Calculate the highest common divisor of 24 and v.
12
Let c = -1754 + 1844. What is the highest common divisor of c and 204?
6
Suppose -152 = -5*k + 28. Calculate the highest common factor of k and 1638.
18
Suppose 0 = -4*z + 28356 - 816. Suppose 38*r + 7*r - z = 0. Calculate the highest common factor of r and 18.
9
Let p = 198474 - 198265. Let g(z) = 43*z**2 + 1. Let q be g(1). What is the highest common factor of p and q?
11
Let s(c) = 38*c + 2255. Let f be s(-45). Calculate the highest common factor of 3706 and f.
109
Suppose -5*t - 505 = -5*s, 5*t - 83 = -125*s + 124*s. Calculate the greatest common divisor of s and 6468.
98
Suppose -5*g + 754 = 3*z, -5*g + 75*z = 72*z - 766. What is the greatest common factor of 817 and g?
19
Let v = -183 + 523. Let x(d) = -2*d**3 - 7*d**2 - 4*d + 7. Let z be x(-5). What is the highest common divisor of z and v?
34
Let n = -48 - -63. Let z be (n*-1)/(-5 - 162/(-33)). Calculate the highest common factor of 132 and z.
33
Let h be 858/88 + 3/(-4). Let y = -38 - -48. Let z(b) = b**3 - 10*b**2 + 2*b - 14. Let v be z(y). Calculate the highest common factor of h and v.
3
Suppose 7602 = 4406*v - 4404*v. What is the highest common divisor of v and 3?
3
Let j(o) = 2*o + 43. Suppose 16*b - b = -930. Let g = -62 - b. Let h be j(g). Calculate the greatest common divisor of 387 and h.
43
Let y(w) = 5*w**2 + 219*w - 62. Let g(x) = -10*x**2 - 437*x + 125. Let k(a) = 2*g(a) + 5*y(a). Let n be k(-45). What is the greatest common divisor of n and 90?
30
Suppose 0 = x + 9 - 22. Suppose 2*j - v = 48, -5*j + x*v - 16*v = -131. Calculate the greatest common factor of j and 1.
1
Let g(z) = 22*z**2 - 7*z - 15. Let w be g(-3). Calculate the highest common divisor of w and 3111.
51
Suppose 3380 = -16*p + 29*p. Let f = 290 - p. What is the highest common factor of 15 and f?
15
Let b be (-29 + -24 + 51 - -2*4)*1. Suppose -2*m = m - 66. What is the greatest common divisor of m and b?
2
Let u(z) = -2*z + 3. Let i be u(-1). Suppose 29 = i*v - 3*v - 3*m, 0 = 2*m + 6. Suppose 0 = 5*n - v*n + 130. What is the highest common divisor of n and 104?
26
Let i = -11 - -360. Suppose -5*j = -i - 11. Calculate the greatest common factor of 108 and j.
36
Let u = -173 - -184. Suppose -124 = -u*y + 217. Calculate the greatest common divisor of y and 62.
31
Let n = -6 + 8. Suppose -12 = -2*j - 4*k, n*j - 22 = 4*k - 2. Let l(p) = p**2 + 15*p - 138. Let m be l(-22). What is the greatest common factor of j and m?
8
Let n = 3357 + -3329. Calculate the greatest common factor of n and 49.
7
Suppose -3*m + 150 = -3*q, -3*m - q + 145 = -5*q. Let y be 0 - (-66)/((-6)/(-2)). What is the greatest common factor of m and y?
11
Let r(u) = -u**2 - 11*u + 21. Let s be r(-12). Suppose -s = -t + 5*h, 4*t + t + h = 97. What is the highest common divisor of 513 and t?
19
Let p be 10 + -1 + (11 - 12). Let g = 63 + -37. Suppose f - 22 = g. Calculate the greatest common divisor of p and f.
8
Let l(x) = 6*x**2 + 15*x + 18. Let t be l(-12). Calculate the highest common divisor of t and 567.
27
Let b(l) = -3*l**2 + 71*l - 24. Let h be b(23). Let k = h + -6. Let q(u) = 13*u**2 + 2*u. Let p be q(-2). What is the greatest common factor of p and k?
16
Suppose 2*w - 212 = -4*u, 2*w + 105 = 3*w + u. Let g = -31 - -34. Suppose -k - g*k + w = -2*r, k - 20 = -r. Calculate the greatest common factor of k and 60.
12
Let d be (47/(-3))/(1/(-15)). Suppose 0 = w - 3*u - 24, 2*w - 32*u + 30*u = 56. Let k be (w/1)/6 - -42. What is the greatest common divisor of k and d?
47
Suppose 4*o - x - 4*x = 26, 2*o = 3*x + 14. Let s be 5/((-105)/6) + 2*(-207)/(-322). Calculate the highest common divisor of o and s.
1
Suppose 41*b - 36*b - 131*b = -47250. Let d = 15 - 0. What is the greatest common divisor of b and d?
15
Suppose 0*y = -29*y + 51678. What is the highest common divisor of y and 44?
22
Let s = 718 - 193. Suppose 0 = 6*g - 231 - s. Suppose -22*j = -21*j - g. What is the highest common divisor of j and 18?
18
Suppose -6 = 6*q - 12. Let a(y) = 47*y + 9. Let m be a(q). What is the greatest common divisor of m and 70?
14
Let s be (-359904)/(-4002) - (-2)/29. Calculate the highest common divisor of s and 2610.
90
Suppose 3*s = 5*z + 23 - 56, -4*s - 46 = -7*z. Let v = 16 + -8. Let q = v + -2. What is the greatest common divisor of z and q?
6
Let n be (-1)/2*12/54 + (-20306)/(-99). What is the greatest common factor of 3895 and n?
205
Suppose 156*u - 160*u = 2*a - 768, 0 = -2*a - 5*u + 772. Calculate the greatest common factor of a and 36.
4
Suppose 14*q - 621 - 219 = 0. Let y be (0/2)/(1 - 2). Suppose y = -f + q + 69. What is the greatest common divisor of f and 86?
43
Let j = 15910 + 170. Calculate the highest common divisor of j and 24.
24
Let g be 5/(-2)*636/(-318). Let y(c) = 13*c + 28. Let j be y(9). What is the highest common divisor of g and j?
5
Let j(n) = 16*n + 20. Let f(u) = 16*u + 22. Let i(y) = -3*f(y) + 2*j(y). Let d be i(-6). What is the highest common factor of 14 and d?
14
Suppose -4*c + 43 + 61 = 0. Suppose -2*y - 5*i = -78, 4*y - c = 3*y + 4*i. What is the greatest common divisor of y and 85?
17
Let o(u) = 23*u - 67. Let z be o(6). Suppose z*n - 68*n = 702. Calculate the highest common factor of n and 18.
18
Suppose 5*z + 7*w = 2*w + 235, 3*z = 5*w + 125. Suppose 6*j = 316 + 332. What is the greatest common divisor of j and z?
9
Suppose -2*p - 405 = -5*p. Let z(y) = 830*y + 1669. Let s be z(-2). Calculate the greatest common divisor of p and s.
9
Let y = 7076 + -6052. Calculate the highest common divisor of 24 and y.
8
Suppose -9 = 15*y + 6. Let u(m) = 124*m**2 + 8*m + 6. Let d be u(y). What is the highest common divisor of 61 and d?
61
Let n be (9414/(-4184))/(410/(-408) + (-2)/(-2)). Let f(c) = 2*c**2 - 3*c. Let i be f(-3). What is the greatest common divisor of n and i?
27
Let n be 4 + -12 + (-152)/16*-2. What is the highest common factor of n and 341?
11
Let c be ((-253)/69)/(1/(-3)). Suppose -s = -b + c, 4*b - 2*s = -0*s + 42. Let w be (-2)/b - 92/(-10). What is the highest common divisor of w and 18?
9
Suppose 1789*k - 1717*k - 1008 = 0. What is the greatest common divisor of k and 47012?
14
Let i(w) = -5*w + 6. Let r be i(-6). Suppose -4*g = -p + 8, -5*p + r = 4*g - 52. Suppose 2*a - p = 28. Calculate the greatest common factor of 154 and a.
22
Suppose 39*z - 15105 = -14*z. What is the highest common factor of z and 38?
19
Let j = 9 - 11. Let t be 154/5 + 1 + j/(-10). Suppose -3*h - h + t = 0. Calculate the greatest common factor of h and 12.
4
Suppose 5*a - 42 = -3*d + 51, -3*a = -4*d - 50. Suppose a = -f + 7*f. Let s be 2/5 + 118/5. Calculate the highest common factor of s and f.
3
Let h(d) = 2*d**3 + 19*d**2 + 4*d - 13. Let k be h(-8). Let j be (-8)/32 + k/12. What is the greatest common factor of j and 60?
12
Let p be (-9741)/(-20) - 34/680 - (5 + -1). What is the highest common factor of p and 672?
21
Let f be ((-477419)/(-105) - (-16)/(-120))/((-20)/(-140)). What is the greatest common divisor of 309 and f?
309
Let k be (-7)/3*15444/(-78). Suppose 5*d + t = 209, -5*d + 4*t - 9*t = -205. Calculate the greatest common divisor of k and d.
42
Suppose -25*o - 297 = -26*o. Let y = o + -262. Calculate the highest common factor of 14 and y.
7
Let l(w) = -82*w + 18556. Let c be l(226). Suppose 0 = 2*g - 2*j - 0*j - 806, -4*g + 3*j + 1617 = 0. Calculate the highest common divisor of g and c.
24
Let b(u) = 8*u - 5. Let s be b(4). Let x = 220 - -66. Suppose -32*c - 4*g + x = -30*c, 4*g - 421 = -3*c. Calculate the highest common factor of s and c.
27
Let s(h) = h**2 + 9*h - 87. Let z = 63